est common divisor of 15498 and 12152154?
1722
Calculate the greatest common factor of 335815032 and 784.
392
What is the greatest common divisor of 2618 and 1540506?
374
Calculate the highest common factor of 116942 and 116354.
14
Calculate the greatest common factor of 28117 and 2856143.
907
What is the highest common divisor of 12375132 and 616?
308
What is the highest common divisor of 346869 and 60691?
443
Calculate the greatest common factor of 359228788 and 691.
691
Calculate the greatest common factor of 995 and 2121740.
5
What is the greatest common divisor of 4 and 48880826?
2
What is the greatest common factor of 5865482 and 1624?
406
What is the greatest common divisor of 10520083 and 21?
7
Calculate the greatest common divisor of 36572275 and 475.
25
Calculate the greatest common divisor of 8369907 and 127673.
2093
What is the highest common factor of 122473909 and 61?
61
Calculate the highest common factor of 60948 and 72612.
36
What is the greatest common factor of 49 and 4704616?
7
What is the highest common divisor of 437032666 and 251?
251
Calculate the greatest common factor of 7163 and 632073.
247
What is the greatest common factor of 430869 and 4598478?
3813
What is the greatest common factor of 8328 and 2888?
8
What is the greatest common divisor of 57822 and 87?
3
Calculate the greatest common divisor of 323215 and 2012315.
635
Calculate the greatest common divisor of 213 and 16977.
3
What is the highest common divisor of 28 and 4780702?
2
Calculate the highest common factor of 145388 and 1577.
19
Calculate the highest common divisor of 1612 and 37410304.
124
What is the greatest common factor of 648 and 1690440?
24
What is the highest common factor of 31140291 and 273?
273
Calculate the highest common factor of 5400825 and 135.
15
Calculate the greatest common factor of 31473 and 2133.
9
What is the highest common factor of 3276681 and 8787?
87
What is the highest common factor of 58464 and 88304?
16
What is the highest common divisor of 14295587 and 1?
1
What is the greatest common factor of 2 and 242695814?
2
What is the greatest common divisor of 171630269 and 149?
149
What is the greatest common factor of 336 and 16214184?
168
What is the greatest common factor of 3867526 and 6617?
13
Calculate the highest common divisor of 22815 and 68145.
15
Calculate the greatest common factor of 99822224 and 5792.
2896
What is the greatest common divisor of 4745 and 395?
5
What is the greatest common divisor of 12963272 and 108647?
581
What is the highest common factor of 103700 and 10643768?
4148
What is the greatest common divisor of 491201649 and 3879?
3879
What is the greatest common factor of 465778995 and 15?
15
Calculate the greatest common divisor of 223 and 21278437.
223
Calculate the greatest common factor of 269132 and 12558758.
2206
Calculate the greatest common factor of 725382 and 1483286.
1414
What is the highest common divisor of 252 and 146207460?
84
Calculate the highest common factor of 3640 and 3617320.
280
What is the greatest common factor of 85025804 and 316?
316
Calculate the highest common divisor of 744 and 741261336.
744
Calculate the highest common divisor of 1032 and 67609244.
172
What is the greatest common factor of 234 and 421209243?
117
What is the greatest common divisor of 229700 and 980?
20
What is the greatest common factor of 520131 and 96?
3
What is the highest common divisor of 16 and 1924482184?
8
Calculate the greatest common divisor of 459000 and 1489625.
2125
What is the greatest common factor of 344 and 10921160?
8
What is the highest common factor of 3538627 and 13?
1
Calculate the highest common factor of 146409 and 618.
3
Calculate the greatest common divisor of 61746346 and 34.
34
Calculate the greatest common divisor of 2750 and 993564.
22
Calculate the highest common divisor of 10144800 and 9.
9
What is the greatest common factor of 136881 and 83082?
681
Calculate the greatest common divisor of 1147450517 and 199.
199
Calculate the highest common factor of 1042 and 73387018.
1042
Calculate the highest common factor of 9333 and 11991868.
1037
What is the greatest common factor of 54838 and 1592626?
14
Calculate the greatest common divisor of 7027796 and 7372.
76
What is the highest common factor of 397353 and 627?
33
What is the greatest common factor of 6540717 and 2691?
69
What is the greatest common factor of 72 and 3396256?
8
What is the highest common factor of 172 and 310760871?
43
Calculate the greatest common factor of 3801900 and 348.
348
Calculate the highest common factor of 90 and 235023.
3
Calculate the highest common factor of 107486053 and 17.
17
What is the highest common divisor of 26299 and 31325203?
1547
Calculate the greatest common factor of 1152 and 9954171.
9
Calculate the highest common factor of 39412 and 120301.
59
What is the greatest common factor of 2024 and 25058?
22
Calculate the highest common divisor of 15428050 and 550.
550
Calculate the highest common divisor of 64460 and 151053220.
5860
What is the greatest common factor of 24 and 163125112?
8
What is the greatest common divisor of 566264837 and 1689?
563
What is the greatest common factor of 165 and 336874010?
55
Calculate the greatest common factor of 6 and 23477247.
3
What is the highest common factor of 319 and 861267?
11
What is the greatest common divisor of 7364348 and 36?
4
What is the highest common factor of 154 and 260043014?
154
What is the greatest common factor of 23783000 and 2380?
340
What is the greatest common divisor of 178663158 and 2829?
123
Calculate the greatest common divisor of 29792 and 84182.
98
Calculate the greatest common divisor of 9333 and 124257.
183
Calculate the greatest common divisor of 4315186 and 1468.
734
Calculate the greatest common factor of 3164538 and 26.
26
Calculate the highest common factor of 11629928 and 319.
29
What is the highest common divisor of 41593083 and 2193?
129
What is the greatest common divisor of 80 and 3958290?
10
What is the greatest common divisor of 7008599 and 143?
13
Calculate the greatest common divisor of 4658814 and 106506.
1098
What is the greatest common factor of 244 and 95164?
4
What is the highest common divisor of 4067610 and 10500?
30
What is the highest common factor of 201026 and 854?
14
Calculate the greatest common factor of 328671 and 2849.
259
What is the highest common divisor of 89199 and 366283?
53
Calculate the highest common factor of 19342960 and 11648.
1456
Calculate the highest common factor of 60933 and 1455.
3
Calculate the greatest common divisor of 111637728 and 224.
32
What is the highest common factor of 205701024 and 768?
96
What is the highest common factor of 1107 and 1519596612?
1107
Calculate the highest common factor of 2 and 2688550.
2
What is the greatest common factor of 303516 and 11448?
36
What is the greatest common divisor of 7637 and 1926706?
1091
What is the greatest common divisor of 1625 and 3229?
1
Calculate the highest common factor of 10489944 and 4218.
222
Calculate the greatest common factor of 87368 and 22914.
134
What is the greatest common divisor of 7221 and 438306?
87
Calculate the greatest common factor of 2139592 and 18187.
13
Calculate the greatest common divisor of 2429564 and 2060.
412
What is the highest common factor of 157 and 395152201?
157
What is the highest common divisor of 6972 and 160673226?
3486
What is the greatest common factor of 43927 and 1569282?
403
Calculate the greatest common factor of 50668 and 6962548.
956
Calculate the greatest common factor of 38624 and 9028928.
2272
What is the greatest common factor of 1343728 and 6544?
16
Calculate the highest common divisor of 70 and 236754840.
70
What is the greatest common factor of 2137512 and 1067175?
1581
Calculate the greatest common divisor of 1573 and 2016729.
143
Calculate the highest common divisor of 873 and 350824653.
873
What is the greatest common factor of 4720 and 2244580?
20
Calculate the highest common divisor of 3787 and 1977896.
541
What is the greatest common factor of 316587 and 24?
3
Calculate the highest common divisor of 374 and 2387803.
187
What is the highest common divisor of 11619117 and 1449?
207
What is the greatest common divisor of 5261700 and 36?
12
What is the grea